{"id":869,"date":"2023-02-10T19:27:16","date_gmt":"2023-02-10T18:27:16","guid":{"rendered":"https:\/\/danielaengel.art\/?page_id=869"},"modified":"2024-01-31T14:56:17","modified_gmt":"2024-01-31T13:56:17","slug":"braunclassic","status":"publish","type":"page","link":"https:\/\/danielaengel.art\/de\/braunclassic\/","title":{"rendered":"BraunClassic"},"content":{"rendered":"<section data-parent=\"true\" class=\"row-container\"><div class=\"row no-top-padding no-bottom-padding no-h-padding full-width row-parent\"><div data-parent=\"true\" class=\"vc_row style-color-938244-bg row-container has-dividers\" id=\"row-unique-0\"><div class=\"uncode-divider-wrap uncode-divider-wrap-top z_index_0 uncode-divider-relative\" style=\"height: 150px;\" data-height=\"150\" data-unit=\"px\"><svg version=\"1.1\" class=\"uncode-row-divider uncode-row-divider-triangle\" x=\"0px\" y=\"0px\" width=\"240px\" height=\"24px\" viewBox=\"0 0 240 24\" enable-background=\"new 0 0 240 24\" xml:space=\"preserve\" preserveAspectRatio=\"none\">\n\t\t<path fill=\"#f9f9f9\" d=\"M240,24L119.878,0L0,23.96V24H240z\"\/>\n\t\t<\/svg><\/div><div class=\"row limit-width row-parent\"><div class=\"wpb_row row-inner\"><div class=\"wpb_column pos-top pos-center align_center column_parent col-lg-12 single-internal-gutter\"><div class=\"uncol style-dark\"  ><div class=\"uncoltable\"><div class=\"uncell no-block-padding\" ><div class=\"uncont\"><div class=\"empty-space empty-double\" ><span class=\"empty-space-inner\"><\/span><\/div>\n<div class=\"vc_custom_heading_wrap \"><div class=\"heading-text el-text\" ><h2 class=\"font-115040 h1 text-color-973767-color\" ><span>Der Verein mit Sitz in Hinwil bezweckt die F\u00f6rderung von klassischer und zeitgen\u00f6ssischer Musik sowie Kammermusik im Z\u00fcrcher Oberland. Ziel ist es, \u00f6ffentliche Konzerte mit professionellen lokalen sowie auch internationalen Musikschaffenden zu organisieren, die f\u00fcr alle Bev\u00f6lkerungsschichten zug\u00e4nglich sind.<\/span><\/h2><\/div><div class=\"clear\"><\/div><\/div><div class=\"empty-space empty-double\" ><span class=\"empty-space-inner\"><\/span><\/div>\n<div class=\"vc_custom_heading_wrap \"><div class=\"heading-text el-text\" ><h2 class=\"font-115040 h4\" ><span>Der Verein BraunClassic wurde 2021 unter der Initiative der Hinwiler Klarinettistin Daniela Engel-Braun gegr\u00fcndet.<\/span><\/h2><\/div><div class=\"clear\"><\/div><\/div><div class=\"empty-space empty-double\" ><span class=\"empty-space-inner\"><\/span><\/div>\n<\/div><\/div><\/div><\/div><\/div><script id=\"script-row-unique-0\" data-row=\"script-row-unique-0\" type=\"text\/javascript\" class=\"vc_controls\">UNCODE.initRow(document.getElementById(\"row-unique-0\"));<\/script><\/div><\/div><\/div><\/div><\/section><section data-parent=\"true\" class=\"row-container\"><div class=\"row no-top-padding no-bottom-padding no-h-padding full-width row-parent\"><div data-parent=\"true\" class=\"vc_row style-color-973767-bg row-container has-dividers\" id=\"row-unique-1\"><div class=\"uncode-divider-wrap uncode-divider-wrap-top z_index_0 uncode-divider-relative\" style=\"height: 150px;\" data-height=\"150\" data-unit=\"px\"><svg version=\"1.1\" class=\"uncode-row-divider uncode-row-divider-triangle\" x=\"0px\" y=\"0px\" width=\"240px\" height=\"24px\" viewBox=\"0 0 240 24\" enable-background=\"new 0 0 240 24\" xml:space=\"preserve\" preserveAspectRatio=\"none\">\n\t\t<path fill=\"#1a1a1a\" d=\"M240,24L119.878,0L0,23.96V24H240z\"\/>\n\t\t<\/svg><\/div><div class=\"row limit-width row-parent\"><div class=\"wpb_row row-inner\"><div class=\"wpb_column pos-top pos-center align_center column_parent col-lg-12 single-internal-gutter\"><div class=\"uncol style-light\"  ><div class=\"uncoltable\"><div class=\"uncell no-block-padding\" ><div class=\"uncont\"><div class=\"empty-space empty-double\" ><span class=\"empty-space-inner\"><\/span><\/div>\n<div class=\"vc_custom_heading_wrap \"><div class=\"heading-text el-text\" ><h2 class=\"font-115040 h6 text-color-938244-color\" ><span>N\u00c4CHSTES KONZERT<\/span><\/h2><\/div><div class=\"clear\"><\/div><\/div><div class=\"vc_custom_heading_wrap \"><div class=\"heading-text el-text heading-bigtext\" ><h2 class=\"font-115040 bigtext text-color-938244-color\" ><span>Stay tuned!<\/span><\/h2><\/div><div class=\"clear\"><\/div><\/div><div class=\"uncode_text_column text-color-938244-color\" ><p><span class=\"font-115040\"><\/span><\/p>\n<p><span class=\"font-115040\"><em><\/em><\/span><\/p>\n<p><span class=\"font-115040\"><em><\/em><\/span><\/p>\n<p><span class=\"font-115040\"><\/span><\/p>\n<\/div><div class=\"empty-space empty-double\" ><span class=\"empty-space-inner\"><\/span><\/div>\n<\/div><\/div><\/div><\/div><\/div><script id=\"script-row-unique-1\" data-row=\"script-row-unique-1\" type=\"text\/javascript\" class=\"vc_controls\">UNCODE.initRow(document.getElementById(\"row-unique-1\"));<\/script><\/div><\/div><\/div><\/div><\/section><section data-parent=\"true\" class=\"row-container\"><div class=\"row no-top-padding no-bottom-padding no-h-padding full-width row-parent\"><div data-parent=\"true\" class=\"vc_row style-color-938244-bg row-container has-dividers\" id=\"row-unique-2\"><div class=\"uncode-divider-wrap uncode-divider-wrap-top z_index_0 uncode-divider-relative\" style=\"height: 150px;\" data-height=\"150\" data-unit=\"px\"><svg version=\"1.1\" class=\"uncode-row-divider uncode-row-divider-triangle\" x=\"0px\" y=\"0px\" width=\"240px\" height=\"24px\" viewBox=\"0 0 240 24\" enable-background=\"new 0 0 240 24\" xml:space=\"preserve\" preserveAspectRatio=\"none\">\n\t\t<path fill=\"#f9f9f9\" d=\"M240,24L119.878,0L0,23.96V24H240z\"\/>\n\t\t<\/svg><\/div><div class=\"row limit-width row-parent\"><div class=\"wpb_row row-inner\"><div class=\"wpb_column pos-top pos-center align_center column_parent col-lg-12 single-internal-gutter\"><div class=\"uncol style-dark\"  ><div class=\"uncoltable\"><div class=\"uncell no-block-padding\" ><div class=\"uncont\"><div class=\"empty-space empty-double\" ><span class=\"empty-space-inner\"><\/span><\/div>\n<div class=\"vc_custom_heading_wrap \"><div class=\"heading-text el-text\" ><h2 class=\"font-115040 h6 text-color-973767-color\" ><span>KONTAKT<\/span><\/h2><\/div><div class=\"clear\"><\/div><\/div><div class=\"uncode-single-media  text-center\"><div class=\"single-wrapper\" style=\"max-width: 600px;\"><div class=\"tmb tmb-light  tmb-media-first tmb-media-last tmb-content-overlay tmb-no-bg\"><div class=\"t-inside\"><div class=\"t-entry-visual\"><div class=\"t-entry-visual-tc\"><div class=\"uncode-single-media-wrapper\"><img decoding=\"async\" class=\"wp-image-920\" src=\"https:\/\/danielaengel.art\/wp-content\/uploads\/2023\/02\/brauncBraunClassic_logo_white.png\" width=\"1220\" height=\"469\" alt=\"\" srcset=\"https:\/\/danielaengel.art\/wp-content\/uploads\/2023\/02\/brauncBraunClassic_logo_white.png 1220w, https:\/\/danielaengel.art\/wp-content\/uploads\/2023\/02\/brauncBraunClassic_logo_white-300x115.png 300w, https:\/\/danielaengel.art\/wp-content\/uploads\/2023\/02\/brauncBraunClassic_logo_white-1024x394.png 1024w, https:\/\/danielaengel.art\/wp-content\/uploads\/2023\/02\/brauncBraunClassic_logo_white-768x295.png 768w, https:\/\/danielaengel.art\/wp-content\/uploads\/2023\/02\/brauncBraunClassic_logo_white-18x7.png 18w, https:\/\/danielaengel.art\/wp-content\/uploads\/2023\/02\/brauncBraunClassic_logo_white-350x135.png 350w\" sizes=\"(max-width: 1220px) 100vw, 1220px\" \/><\/div>\n\t\t\t\t\t<\/div>\n\t\t\t\t<\/div><\/div><\/div><\/div><\/div><div class=\"vc_custom_heading_wrap \"><div class=\"heading-text el-text\" ><h2 class=\"font-115040 h6 text-color-973767-color\" ><span>info@braunclassic.ch<\/p><\/span><span><p>www.braunclassic.ch<\/span><\/h2><\/div><div class=\"clear\"><\/div><\/div><div class=\"empty-space empty-double\" ><span class=\"empty-space-inner\"><\/span><\/div>\n<\/div><\/div><\/div><\/div><\/div><script id=\"script-row-unique-2\" data-row=\"script-row-unique-2\" type=\"text\/javascript\" class=\"vc_controls\">UNCODE.initRow(document.getElementById(\"row-unique-2\"));<\/script><\/div><\/div><\/div><\/div><\/section>\n","protected":false},"excerpt":{"rendered":"Der Verein mit Sitz in Hinwil bezweckt die F\u00f6rderung von klassischer und zeitgen\u00f6ssischer Musik sowie Kammermusik im Z\u00fcrcher Oberland. Ziel [...]","protected":false},"author":2,"featured_media":0,"parent":0,"menu_order":0,"comment_status":"closed","ping_status":"closed","template":"","meta":[],"_links":{"self":[{"href":"https:\/\/danielaengel.art\/de\/wp-json\/wp\/v2\/pages\/869"}],"collection":[{"href":"https:\/\/danielaengel.art\/de\/wp-json\/wp\/v2\/pages"}],"about":[{"href":"https:\/\/danielaengel.art\/de\/wp-json\/wp\/v2\/types\/page"}],"author":[{"embeddable":true,"href":"https:\/\/danielaengel.art\/de\/wp-json\/wp\/v2\/users\/2"}],"replies":[{"embeddable":true,"href":"https:\/\/danielaengel.art\/de\/wp-json\/wp\/v2\/comments?post=869"}],"version-history":[{"count":16,"href":"https:\/\/danielaengel.art\/de\/wp-json\/wp\/v2\/pages\/869\/revisions"}],"predecessor-version":[{"id":1107,"href":"https:\/\/danielaengel.art\/de\/wp-json\/wp\/v2\/pages\/869\/revisions\/1107"}],"wp:attachment":[{"href":"https:\/\/danielaengel.art\/de\/wp-json\/wp\/v2\/media?parent=869"}],"curies":[{"name":"wp","href":"https:\/\/api.w.org\/{rel}","templated":true}]}}

<section data-parent="true" class="row-container"><div class="row no-top-padding no-bottom-padding no-h-padding full-width row-parent"><div data-parent="true" class="vc_row style-color-938244-bg row-container has-dividers" id="row-unique-0"><div class="uncode-divider-wrap uncode-divider-wrap-top z_index_0 uncode-divider-relative" style="height: 150px;" data-height="150" data-unit="px"><svg version="1.1" class="uncode-row-divider uncode-row-divider-triangle" x="0px" y="0px" width="240px" height="24px" viewBox="0 0 240 24" enable-background="new 0 0 240 24" xml:space="preserve" preserveAspectRatio="none">
		<path fill="#f9f9f9" d="M240,24L119.878,0L0,23.96V24H240z"/>
		</svg></div><div class="row limit-width row-parent"><div class="wpb_row row-inner"><div class="wpb_column pos-top pos-center align_center column_parent col-lg-12 single-internal-gutter"><div class="uncol style-dark"  ><div class="uncoltable"><div class="uncell no-block-padding" ><div class="uncont"><div class="empty-space empty-double" ><span class="empty-space-inner"></span></div>
<div class="vc_custom_heading_wrap "><div class="heading-text el-text" ><h2 class="font-115040 h1 text-color-973767-color" ><span>Der Verein mit Sitz in Hinwil bezweckt die Förderung von klassischer und zeitgenössischer Musik sowie Kammermusik im Zürcher Oberland. Ziel ist es, öffentliche Konzerte mit professionellen lokalen sowie auch internationalen Musikschaffenden zu organisieren, die für alle Bevölkerungsschichten zugänglich sind.</span></h2></div><div class="clear"></div></div><div class="empty-space empty-double" ><span class="empty-space-inner"></span></div>
<div class="vc_custom_heading_wrap "><div class="heading-text el-text" ><h2 class="font-115040 h4" ><span>Der Verein BraunClassic wurde 2021 unter der Initiative der Hinwiler Klarinettistin Daniela Engel-Braun gegründet.</span></h2></div><div class="clear"></div></div><div class="empty-space empty-double" ><span class="empty-space-inner"></span></div>
</div></div></div></div></div><script id="script-row-unique-0" data-row="script-row-unique-0" type="text/javascript" class="vc_controls">UNCODE.initRow(document.getElementById("row-unique-0"));</script></div></div></div></div></section><section data-parent="true" class="row-container"><div class="row no-top-padding no-bottom-padding no-h-padding full-width row-parent"><div data-parent="true" class="vc_row style-color-973767-bg row-container has-dividers" id="row-unique-1"><div class="uncode-divider-wrap uncode-divider-wrap-top z_index_0 uncode-divider-relative" style="height: 150px;" data-height="150" data-unit="px"><svg version="1.1" class="uncode-row-divider uncode-row-divider-triangle" x="0px" y="0px" width="240px" height="24px" viewBox="0 0 240 24" enable-background="new 0 0 240 24" xml:space="preserve" preserveAspectRatio="none">
		<path fill="#1a1a1a" d="M240,24L119.878,0L0,23.96V24H240z"/>
		</svg></div><div class="row limit-width row-parent"><div class="wpb_row row-inner"><div class="wpb_column pos-top pos-center align_center column_parent col-lg-12 single-internal-gutter"><div class="uncol style-light"  ><div class="uncoltable"><div class="uncell no-block-padding" ><div class="uncont"><div class="empty-space empty-double" ><span class="empty-space-inner"></span></div>
<div class="vc_custom_heading_wrap "><div class="heading-text el-text" ><h2 class="font-115040 h6 text-color-938244-color" ><span>NÄCHSTES KONZERT</span></h2></div><div class="clear"></div></div><div class="vc_custom_heading_wrap "><div class="heading-text el-text heading-bigtext" ><h2 class="font-115040 bigtext text-color-938244-color" ><span>Stay tuned!</span></h2></div><div class="clear"></div></div><div class="uncode_text_column text-color-938244-color" ><p><span class="font-115040"></span></p>
<p><span class="font-115040"><em></em></span></p>
<p><span class="font-115040"><em></em></span></p>
<p><span class="font-115040"></span></p>
</div><div class="empty-space empty-double" ><span class="empty-space-inner"></span></div>
</div></div></div></div></div><script id="script-row-unique-1" data-row="script-row-unique-1" type="text/javascript" class="vc_controls">UNCODE.initRow(document.getElementById("row-unique-1"));</script></div></div></div></div></section><section data-parent="true" class="row-container"><div class="row no-top-padding no-bottom-padding no-h-padding full-width row-parent"><div data-parent="true" class="vc_row style-color-938244-bg row-container has-dividers" id="row-unique-2"><div class="uncode-divider-wrap uncode-divider-wrap-top z_index_0 uncode-divider-relative" style="height: 150px;" data-height="150" data-unit="px"><svg version="1.1" class="uncode-row-divider uncode-row-divider-triangle" x="0px" y="0px" width="240px" height="24px" viewBox="0 0 240 24" enable-background="new 0 0 240 24" xml:space="preserve" preserveAspectRatio="none">
		<path fill="#f9f9f9" d="M240,24L119.878,0L0,23.96V24H240z"/>
		</svg></div><div class="row limit-width row-parent"><div class="wpb_row row-inner"><div class="wpb_column pos-top pos-center align_center column_parent col-lg-12 single-internal-gutter"><div class="uncol style-dark"  ><div class="uncoltable"><div class="uncell no-block-padding" ><div class="uncont"><div class="empty-space empty-double" ><span class="empty-space-inner"></span></div>
<div class="vc_custom_heading_wrap "><div class="heading-text el-text" ><h2 class="font-115040 h6 text-color-973767-color" ><span>KONTAKT</span></h2></div><div class="clear"></div></div><div class="uncode-single-media  text-center"><div class="single-wrapper" style="max-width: 600px;"><div class="tmb tmb-light  tmb-media-first tmb-media-last tmb-content-overlay tmb-no-bg"><div class="t-inside"><div class="t-entry-visual"><div class="t-entry-visual-tc"><div class="uncode-single-media-wrapper"><img decoding="async" class="wp-image-920" src="https://danielaengel.art/wp-content/uploads/2023/02/brauncBraunClassic_logo_white.png" width="1220" height="469" alt="" srcset="https://danielaengel.art/wp-content/uploads/2023/02/brauncBraunClassic_logo_white.png 1220w, https://danielaengel.art/wp-content/uploads/2023/02/brauncBraunClassic_logo_white-300x115.png 300w, https://danielaengel.art/wp-content/uploads/2023/02/brauncBraunClassic_logo_white-1024x394.png 1024w, https://danielaengel.art/wp-content/uploads/2023/02/brauncBraunClassic_logo_white-768x295.png 768w, https://danielaengel.art/wp-content/uploads/2023/02/brauncBraunClassic_logo_white-18x7.png 18w, https://danielaengel.art/wp-content/uploads/2023/02/brauncBraunClassic_logo_white-350x135.png 350w" sizes="(max-width: 1220px) 100vw, 1220px" /></div>
					</div>
				</div></div></div></div></div><div class="vc_custom_heading_wrap "><div class="heading-text el-text" ><h2 class="font-115040 h6 text-color-973767-color" ><span>info@braunclassic.ch</p></span><span><p>www.braunclassic.ch</span></h2></div><div class="clear"></div></div><div class="empty-space empty-double" ><span class="empty-space-inner"></span></div>
</div></div></div></div></div><script id="script-row-unique-2" data-row="script-row-unique-2" type="text/javascript" class="vc_controls">UNCODE.initRow(document.getElementById("row-unique-2"));</script></div></div></div></div></section>

Der Verein mit Sitz in Hinwil bezweckt die Förderung von klassischer und zeitgenössischer Musik sowie Kammermusik im Zürcher Oberland. Ziel [...]
